ulate the remainder when 81603607 is divided by 140.
127
Calculate the remainder when 145691525 is divided by 4302.
4295
Calculate the remainder when 22984805 is divided by 13.
12
Calculate the remainder when 171504 is divided by 5378.
4786
What is the remainder when 4646774 is divided by 248?
246
What is the remainder when 2259137 is divided by 2166?
2165
What is the remainder when 193401 is divided by 191776?
1625
What is the remainder when 12412 is divided by 71?
58
What is the remainder when 635846 is divided by 39700?
646
Calculate the remainder when 2264402 is divided by 113220.
2
What is the remainder when 129453 is divided by 123069?
6384
What is the remainder when 9784022 is divided by 8?
6
Calculate the remainder when 2284638 is divided by 8622.
8430
Calculate the remainder when 3506404 is divided by 507.
499
What is the remainder when 10344101 is divided by 574672?
5
What is the remainder when 702326 is divided by 918?
56
Calculate the remainder when 13294816 is divided by 35.
31
What is the remainder when 695392 is divided by 347344?
704
What is the remainder when 3912872 is divided by 1304266?
74
What is the remainder when 684811 is divided by 526?
485
What is the remainder when 510624 is divided by 33?
15
Calculate the remainder when 11331667 is divided by 6285.
6097
What is the remainder when 652447 is divided by 27?
19
Calculate the remainder when 1908058 is divided by 38161.
8
Calculate the remainder when 12743794 is divided by 4445.
4424
What is the remainder when 67593156 is divided by 67593148?
8
Calculate the remainder when 1105630 is divided by 3178.
2864
Calculate the remainder when 248897 is divided by 123406.
2085
What is the remainder when 3753337 is divided by 3753320?
17
Calculate the remainder when 885608 is divided by 221367.
140
What is the remainder when 3133432 is divided by 42?
22
Calculate the remainder when 4102387 is divided by 1367461.
4
Calculate the remainder when 6362053 is divided by 1114.
1113
Calculate the remainder when 977527 is divided by 569.
554
Calculate the remainder when 84448 is divided by 8906.
4294
What is the remainder when 150365697 is divided by 100?
97
What is the remainder when 566552 is divided by 111?
8
What is the remainder when 773702 is divided by 257790?
332
Calculate the remainder when 475691 is divided by 23782.
51
Calculate the remainder when 209825 is divided by 8391.
50
What is the remainder when 18023 is divided by 17961?
62
Calculate the remainder when 60829 is divided by 5453.
846
What is the remainder when 69460481 is divided by 13?
12
What is the remainder when 63645342 is divided by 285?
282
Calculate the remainder when 67179 is divided by 2830.
2089
What is the remainder when 8855 is divided by 2134?
319
What is the remainder when 760494 is divided by 3674?
3650
Calculate the remainder when 193289 is divided by 38575.
414
Calculate the remainder when 70668066 is divided by 846.
840
Calculate the remainder when 9334802 is divided by 402.
362
Calculate the remainder when 8534458 is divided by 2133610.
18
What is the remainder when 223298 is divided by 8268?
62
What is the remainder when 35563 is divided by 1674?
409
Calculate the remainder when 35583492 is divided by 17791745.
2
Calculate the remainder when 11967189 is divided by 8858.
31
Calculate the remainder when 5808429 is divided by 523.
514
Calculate the remainder when 1384493 is divided by 461493.
14
What is the remainder when 342252 is divided by 436?
428
What is the remainder when 3698862 is divided by 3698617?
245
Calculate the remainder when 31770 is divided by 1325.
1295
What is the remainder when 271758 is divided by 27151?
248
What is the remainder when 123829 is divided by 607?
1
Calculate the remainder when 2051777 is divided by 768.
449
What is the remainder when 10110856 is divided by 310?
206
Calculate the remainder when 3657727 is divided by 412.
403
What is the remainder when 1259903 is divided by 7874?
63
Calculate the remainder when 13728348 is divided by 1814.
1810
What is the remainder when 5165506 is divided by 677?
673
What is the remainder when 3772294 is divided by 30?
4
Calculate the remainder when 8411032 is divided by 119.
112
Calculate the remainder when 9468 is divided by 1112.
572
Calculate the remainder when 12240590 is divided by 4.
2
Calculate the remainder when 12561116 is divided by 671.
667
Calculate the remainder when 16494818 is divided by 5498243.
89
Calculate the remainder when 7311877 is divided by 1218630.
97
Calculate the remainder when 38259 is divided by 1905.
159
Calculate the remainder when 192610 is divided by 3117.
2473
Calculate the remainder when 10197669 is divided by 16.
5
What is the remainder when 231521 is divided by 76027?
3440
Calculate the remainder when 132314245 is divided by 22.
19
Calculate the remainder when 98990 is divided by 655.
85
What is the remainder when 55613 is divided by 54712?
901
What is the remainder when 13536 is divided by 2685?
111
Calculate the remainder when 4216241 is divided by 6969.
6965
What is the remainder when 45059991 is divided by 14?
11
Calculate the remainder when 1274348 is divided by 91024.
12
Calculate the remainder when 8132491 is divided by 56.
3
Calculate the remainder when 2185055 is divided by 841.
137
Calculate the remainder when 4399695 is divided by 43561.
34
Calculate the remainder when 179489 is divided by 1796.
1685
Calculate the remainder when 44697 is divided by 7428.
129
Calculate the remainder when 259586 is divided by 23338.
2868
Calculate the remainder when 914769 is divided by 1581.
951
What is the remainder when 1151137 is divided by 47958?
145
What is the remainder when 1184411 is divided by 24?
11
What is the remainder when 1884804 is divided by 16980?
24
Calculate the remainder when 5701591 is divided by 17.
12
Calculate the remainder when 381104 is divided by 190550.
4
Calculate the remainder when 62115522 is divided by 341.
326
What is the remainder when 2629264 is divided by 6?
4
What is the remainder when 4190092 is divided by 3238?
120
Calculate the remainder when 442902 is divided by 3433.
45
Calculate the remainder when 260791 is divided by 432.
295
What is the remainder when 148183146 is divided by 4630?
4626
What is the remainder when 2090306 is divided by 53597?
23
Calculate the remainder when 13282563 is divided by 885503.
18
Calculate the remainder when 736657 is divided by 43332.
13
Calculate the remainder when 97032956 is divided by 480.
476
Calculate the remainder when 9469803 is divided by 193260.
63
Calculate the remainder when 3555951 is divided by 38651.
59
Calculate the remainder when 73629216 is divided by 2147.
2145
Calculate the remainder when 13829 is divided by 494.
491
Calculate the remainder when 585153 is divided by 292038.
1077
What is the remainder when 33788832 is divided by 20896?
0
What is the remainder when 7120442 is divided by 700?
42
What is the remainder when 5740555 is divided by 110382?
691
What is the remainder when 3678010 is divided by 95?
85
Calculate the remainder when 1478356 is divided by 463.
460
What is the remainder when 5239701 is divided by 1086?
837
What is the remainder when 6851 is divided by 1400?
1251
What is the remainder when 3438498 is divided by 186?
102
What is the remainder when 194761 is divided by 97217?
327
What is the remainder when 14687 is divided by 4787?
326
Calculate the remainder when 44999674 is divided by 3066.
3058
Calculate the remainder when 5339023 is divided by 294.
277
Calculate the remainder when 9605125 is divided by 9605116.
9
What is the remainder when 5784779 is divided by 804?
803
What is the remainder when 38381468 is divided by 1882?
1842
What is the remainder when 2499601 is divided by 42?
13
Calculate the remainder when 307178436 is divided by 10.
6
Calculate the remainder when 5528541 is divided by 689.
5
Calculate the remainder when 2791477 is divided by 91.
52
What is the remainder when 73475169 is divided by 36737583?
3
Calculate the remainder when 448053116 is divided by 1296.
1292
Calculate the remainder when 437158 is divided by 4047.
82
What is the remainder when 3313945 is divided by 169?
24
What is the remainder when 214449 is divided by 53570?
169
What is the remainder when 8458300 is divide